f p**4/2 - 14*p**3/3 + 9*p**2/2 + 7*p - 924. What is u(6)?
-11
Suppose -5*j - j = -108. Suppose -b - f = -2*f - 3, 4*b - j = -2*f. Let n(x) = -x**2 + x**3 + 5*x**2 + 0*x + x + b + 0*x. Give n(-3).
10
Let g(w) = -2*w**2 + 20*w - 13. Let y be (-4)/3 - (-1240)/120. What is g(y)?
5
Let t(w) = -5*w. Let q be (-656)/(-40) - ((-8)/(-10))/2. Suppose 14*u - 22*u = q. Calculate t(u).
10
Let t(m) = 8*m + 2. Let n(h) = 6*h + 33. Let c(v) = 6*v + 28. Let r(x) = -6*c(x) + 5*n(x). Let i(q) = 5*r(q) + 4*t(q). What is i(4)?
1
Let m(r) = 9*r - 5. Suppose 0 = -16*s + 177 + 303. Let i be 4/s*(-15 + 9)*-5. Calculate m(i).
31
Let v(n) be the second derivative of -7*n**3 - 4*n**2 + 2*n + 1538. Calculate v(3).
-134
Let m(s) = -s - 5. Let l be m(-8). Let y(h) = 5*h**2 + 442*h**3 - 848*h**3 + 6 + 405*h**3 - 4*h - 2. What is y(l)?
10
Let w(b) = 18 + 74*b + 80*b - 219*b + 61*b. Give w(-3).
30
Let f(n) = 0 - 8*n + 16 + 1 + 3 + 3*n**2 - 11. What is f(4)?
25
Let n(x) be the second derivative of 7*x**3/6 + 181*x. Let a = -16 - -17. What is n(a)?
7
Let g(u) = -4*u - 33. Let p(h) = 17*h + 144. Let t(i) = -13*g(i) - 3*p(i). Let l be (6/8)/((-9)/(-36)). Let r be (5 + l + -3)*1. Determine t(r).
2
Let k be (-1)/(-2)*0/37. Let d(q) = k + 17*q**3 - 16*q**3 + 3 + 2*q**2. Determine d(-3).
-6
Let a(c) = c**3 + 11*c**2 - 11*c + 17. Let v(k) be the first derivative of -k**4/4 - 3*k**3 - 9*k**2/2 - 20*k - 283. Let i be v(-8). Calculate a(i).
5
Let u(o) = -10*o - 8. Suppose 0 = -2*n + 3*x + 4, 0 = 227*n - 226*n + 2*x - 9. Determine u(n).
-58
Suppose -4*u + 26*a + 60 = 24*a, 19 = 3*u + 5*a. Suppose 0 = 5*x - s - u - 0, -2*x = 2*s + 2. Let g(h) = h + 2. Give g(x).
4
Suppose -13*o + 2053 = 2014. Let j(h) = -h**2 + h. Let c(p) = 2*p**2 - 3*p + 1. Let d(r) = c(r) + 4*j(r). Calculate d(o).
-14
Let n(y) = 8*y + 19. Suppose l + 4*d = -6, 2*l - 4*d + 0*d + 12 = 0. Calculate n(l).
-29
Let d = 130 + -126. Suppose 2 = -0*h + h. Let a(b) = -8*b + d + 2*b + 21*b**2 - 20*b**h. Give a(4).
-4
Let s(g) = g**2 + 19*g + 12. Suppose -88*a - 2736 = -65*a + 121*a. What is s(a)?
12
Let m(b) = 13*b**2 - 19*b + 11. Let o(w) be the first derivative of -11*w**3/3 + 9*w**2 - 10*w + 110. Let g(s) = 5*m(s) + 6*o(s). Determine g(8).
35
Let s(g) be the third derivative of g**7/420 - g**5/120 + g**4/24 + 139*g**3/6 + 273*g**2. Let b(i) be the first derivative of s(i). Give b(2).
15
Suppose 3021*u - 1518*u - 39 = 1516*u. Let t(l) be the third derivative of -l**4/24 - 2*l**3/3 - l**2. Calculate t(u).
-1
Let o(x) be the first derivative of -x**2/2 - x - 6. Let w be o(-3). Let m(f) = -w*f**2 - 7*f**3 - 6*f + 3*f - 2*f**2 + 6*f**3. Give m(-3).
0
Let d(u) = 4*u - 81. Let m(c) = 7. Let f(l) = 2*d(l) + 25*m(l). Calculate f(-3).
-11
Let f(n) = n**2 - 1. Let r = 101 + -98. Let d be 1/(1 + (-39)/9 + r). What is f(d)?
8
Let t(a) = -14*a**2 - 4*a - 6. Let r be t(-2). Let k = -40 - r. Suppose k*d = d - 52. Let m(l) = 2*l + 1. Determine m(d).
-7
Suppose 0*q = q - 2. Let m(l) = 5 - 5*l**q + 3 - 1 + 0*l**3 + l**3 - 2*l. Let t(h) = 10*h - 35. Let k be t(4). What is m(k)?
-3
Let v(h) = -h + 6. Let n be v(0). Let x(q) be the third derivative of q**5/30 - 7*q**4/24 + q**3/3 + 3086*q**2. Calculate x(n).
32
Let a(q) be the second derivative of 2*q**3/3 - q**2 + 661*q. Calculate a(-5).
-22
Let c(h) = 5*h**2 - 4*h. Let g be ((-3)/13)/(302/3926). Determine c(g).
57
Let g(i) = i**2 - 2*i - 8. Let c be g(6). Suppose 3*r - c = 50. Let p = 27 - r. Let l(k) = -k**2 + 5*k + 4. Determine l(p).
4
Let i(r) = 21301*r**2 - 15*r - 5*r - 10 - 21303*r**2. Give i(-10).
-10
Let a(s) = 7*s + 439 - 222 - 206 - 2*s**2 + 3*s**2. Let y = 4 - 10. Determine a(y).
5
Let j(r) = -6*r**3 + 2*r**2 - 6*r + 9. Let q = -828 - -830. Calculate j(q).
-43
Suppose -71 = 5*d - 86. Suppose d*s = -5*x + 29 + 16, -2*s = x - 9. Let h(k) = k**3 - 9*k**2 - k - 11. Determine h(x).
-20
Let s(t) = 5*t - 51. Let c(d) = 5*d - 51. Let j(u) = 3*c(u) - 4*s(u). Let p be j(6). Let i = 15 - p. Let w(k) = k**2 + 4*k - 3. Give w(i).
9
Let c(k) = 80 - 3 - k**2 + 33 - 21*k - 3. Give c(-26).
-23
Suppose 3*p = 28 + 11. Let d = -14 + p. Let c(a) be the first derivative of -3*a**4/4 + a + 246. What is c(d)?
4
Let a(w) be the third derivative of -w**6/180 + w**5/60 + 9*w**3/2 + 22*w**2. Let h(t) be the first derivative of a(t). Give h(2).
-4
Let w(o) = -o**2 - 16*o + 14. Suppose -2*t = 4*t + 102. Let c be w(t). Let z(v) be the first derivative of -v**3/3 - 2*v + 12. What is z(c)?
-11
Let k(q) be the first derivative of -12*q**2 + 19*q + 3120. Give k(7).
-149
Let c(f) be the second derivative of -40*f**3/3 + f**2/2 - 1288*f. Determine c(-1).
81
Let o(q) be the second derivative of q**6/360 + 3*q**5/40 + 3*q**4/8 - 89*q**3/3 - 74*q - 2. Let y(z) be the second derivative of o(z). Calculate y(-8).
1
Let m(i) = i**2 - 5*i - 5. Let d = 181 + -183. Let b be (7 - 48/12) + (-6)/d. Determine m(b).
1
Let l(f) = -2*f + 10. Suppose -34 = -5*w + 26. Let h be (4 - 3)*(1 + w). Suppose 4*z - h*z = -63. Give l(z).
-4
Let s(h) = 45*h - 189. Let r(q) = 1408*q + 8452. Let w be r(-6). Give s(w).
-9
Suppose 15*n - 11*n = 3*t + 10, 3*t - 22 = -4*n. Suppose -5*q = n*r - 10, -4*r + 2*r = -4*q + 8. Let g(d) = -d + 25. Calculate g(r).
25
Let q be -1 + 4 + 4 + 1. Let b be (8 - q)/(3 + -1 + -1). Let d(c) = c + 0 - 2 - 2. Determine d(b).
-4
Let n = -26174 - -26183. Let b(l) = -21*l + 177. What is b(n)?
-12
Let r(a) = 680*a + 4278. Let l(i) = 97*i + 608. Let y(f) = 15*l(f) - 2*r(f). Give y(-6).
-6
Let t(c) be the first derivative of 3*c**3 + 0*c**2 + 4 + 0*c + 1/120*c**5 + 1/6*c**4. Let b(v) be the third derivative of t(v). Give b(-4).
0
Let t(y) = 12*y**2 - 40*y - 136. Let g(f) = -7*f**2 + 20*f + 69. Let o(w) = -5*g(w) - 3*t(w). Calculate o(23).
-6
Let z(y) be the first derivative of y**4/4 + 8*y**3/3 + 2*y**2 - 6*y + 99. Suppose -5*v + 6 = -3*l, 3*l - 4*l - 4 = -v. Determine z(l).
15
Let y be 36/8*40/12. Let q be y + ((-5)/(-15) - (-30)/(-9)). Let z(k) = 3 - 4*k**2 + 3*k**2 + 3*k - q + 7*k. Determine z(8).
7
Let m(h) be the first derivative of 23 - 5*h + 11/6*h**3 + 1/12*h**4 + 11/2*h**2. Let x(k) be the first derivative of m(k). Calculate x(-9).
-7
Let r(d) = -d + 6. Let z be (-7)/14*3*30/9. Let q(b) = b - 6. Let h(g) = z*r(g) - 4*q(g). Let o be h(2). Let f(y) = -y - 4. What is f(o)?
0
Suppose -6*p - 32*p = -7*p - 31. Let l(g) = 7*g**2 + 5*g - 5. Calculate l(p).
7
Suppose -4*o - 21 = -0*v - v, 3*o = 3*v - 9. Let x(k) be the third derivative of 7/6*k**3 - 25*k**2 + 1/60*k**5 + 0 + 1/6*k**4 + k. Calculate x(o).
19
Let n(o) = o**3 + 7*o**2 + 9*o + 18. Let b be 8 + (-6 + -10 - 6/(-3)). Calculate n(b).
0
Let j = 224 - 196. Suppose 4*l = -2*a - 18, j*l - 29*l - 5*a = 18. Let m(y) = y**2 + 3*y + 1. What is m(l)?
1
Suppose -2 = -51*f + 53*f. Let j be f/((24/(-9))/(-8)). Let t(y) be the first derivative of -y**3/3 - y**2 + 3*y + 4. Give t(j).
0
Let s be (-150)/(-35) + (3 - 115/35). Let h = -9 - -14. Suppose -s*a + 4*o = -16, -2*o + h - 1 = a. Let f(q) = 2*q - 6. Give f(a).
2
Let i(g) be the second derivative of g**5/20 + g**4/3 - 7*g**3/3 - 4*g**2 + 766*g + 2. Calculate i(-6).
4
Let g = -4899 - -4899. Let r(l) be the second derivative of -l**5/20 - l**3/6 - 5*l**2/2 + 3*l. Give r(g).
-5
Let g(o) = -5*o - 4. Let f(a) = 15*a + 11. Suppose 5*p = 2*b - 26, b + b + 4 = 0. Let h(u) = p*f(u) - 17*g(u). What is h(2)?
-8
Suppose -5*g + 5 = -6*g. Let j be (5/g)/((-2)/(-8)). Let h(t) = 9*t**2 - 9*t - 3. Let b(i) = -41*i**2 + 37*i + 12. Let z(o) = 2*b(o) + 9*h(o). What is z(j)?
9
Let t(j) = -j - 19. Suppose 0 = -5*w - d + 19 + 1, 0 = -4*d - 20. Determine t(w).
-24
Let f(x) = -x**3 - 7*x**2 - 5*x - 6. Suppose 44*y - 15 + 46 + 233 = 0. Give f(y).
-12
Let p(k) = 6*k + 39. Suppose 99 = -16*c + 3. Determine p(c).
3
Let x(l) = -2*l + 1. Let s be (6/(-9))/((-4232)/846 - -5). Let f = s - 288. Give x(f).
13
Let g(c) = 3*c**2 - c - 10. Let z(x) = 2*x**2. Let y(q) = -g(q) + z(q). Calculate y(7).
-32
Let m(d) = -29*d**2 + 1 + 13*d**2 + 14*d**2 - 15*d. Let w be m(-7). Suppose -17 = w*n - 1. Let q(h) = h**3 + h**2 - 2*h - 3. Give q(n).
-3
Let c(b) be the second derivative of -b**3/6 + 19*b**2/2 - b. Let w = 32523 - 32513. Determine c(w).
9
Let o(l) = -3*l**3 + l**2 - 29*l - 5. Let c(n) = -2*n**3 - 15*n - 2. Let y(z) = -5*c(z) + 3*o(z). Let r be -35 - (54 + (-63 - 21))